factor of t and 143.
143
Let z be (-4)/(-4) - -2 - (0 + -3). Suppose -5*t = -3*j + 112, -z = 2*t + t. Calculate the highest common divisor of 17 and j.
17
Let s(d) = -5*d**2 - 148*d - 52. Let j be s(-29). What is the highest common divisor of j and 882?
7
Suppose 0 = -3*k + 45 - 36. Suppose -k*z + 2*j = -8*z + 160, 5*z - 4*j - 130 = 0. Calculate the greatest common factor of 420 and z.
30
Let b = -209 + 212. Let g(x) = 8*x. Let w be g(b). What is the highest common factor of w and 60?
12
Let o(w) = 106*w - 1691. Let m be o(16). What is the greatest common divisor of m and 365?
5
Suppose 5*d + 2*s = 637, -5*s - 376 = -3*d + 31. Let t = d - -333. What is the greatest common factor of t and 14?
14
Let q = 33 - 47. Let i be (-1746)/q - 6/(-21). Calculate the greatest common factor of 5 and i.
5
Suppose 196 = 8*u - 788. Suppose -190 = -6*w + w. Let n = w - -3. Calculate the greatest common divisor of n and u.
41
Suppose -2*w + 2*m = -68, 7*w - 4*m = 2*w + 170. Let n(r) = -r**3 - 32*r**2 - 258*r - 16. Let l be n(-14). What is the greatest common divisor of l and w?
34
Let d(a) = 6*a + 803*a**2 - 401*a**2 + 7 - 401*a**2. Let k be d(-7). What is the greatest common factor of 7 and k?
7
Suppose 37*l = 7*l + 17310. Suppose -574*i = -l*i + 54. Calculate the highest common factor of 126 and i.
18
Let p(u) = -u**2 - 28*u + 1876. Let o be p(23). Calculate the greatest common divisor of 133 and o.
19
Let p = 51 - -16. Suppose 701 + p = 12*n. Suppose 6*h - h = 800. What is the highest common factor of h and n?
32
Let i = -1174 - -1864. Suppose -4*g - 5*k - 5 = -164, k + 51 = g. What is the greatest common divisor of g and i?
46
Let f = 3512 - 2386. Let o be 80/200 + (-1 - f/(-10)). What is the highest common divisor of o and 42?
14
Suppose -42 = 8*r - 10*r. Let s = -12 + r. Suppose -5*k + 189 = s. What is the greatest common divisor of k and 4?
4
Suppose 838 + 4477 = 9*y - 355. What is the greatest common divisor of 350 and y?
70
Let k(h) = -99*h**2 + 2385*h - 19. Let f be k(24). Calculate the highest common factor of f and 47871.
197
Let j = -3385 + 3503. Calculate the greatest common divisor of j and 12.
2
Let j = 40 - 40. Suppose -2*t - 12 = -j*t. Let p(l) = -l**3 - 5*l**2 - 2*l - 6. Let r be p(t). Calculate the greatest common divisor of r and 14.
14
Suppose -5*z + 70 = -4*t, z - 38 + 13 = 3*t. Let g be (-2145)/z*1*2/(-3). Calculate the greatest common divisor of 11 and g.
11
Let z be (-138)/(-6) - -4*(-9)/6. Let g = 46 + z. What is the greatest common factor of 28 and g?
7
Let a(t) = 3*t + 3. Let n be a(-1). Suppose n = -3*h + 5*h + 4*i - 22, 4*h = 3*i + 22. What is the highest common divisor of 4 and h?
1
Let q = 75 - 70. Suppose -256 + 15 = -4*f + 3*i, -2*f + q*i + 117 = 0. What is the highest common divisor of 305 and f?
61
Let h = -4787 + 4837. What is the highest common factor of 140 and h?
10
Let a(d) = 4*d**3 - 2*d - 1. Let w be a(-1). Let u be 89*4 - (1 - w). Suppose -4*r + 6*r - u = 0. What is the greatest common factor of 22 and r?
22
Let b(d) = 8*d + 19. Let v be b(9). Let h be (46 + -32)*1/7*10. Let w be (98/35)/(-4*(-2)/h). Calculate the greatest common factor of v and w.
7
Suppose -57 - 33 = 6*y. Let r be ((y/(-2))/(-5))/(117/(-3432)). What is the greatest common factor of r and 77?
11
Let p be (10 - 640/65) + 11224/52. What is the greatest common factor of 420 and p?
12
Let i = 47 + -38. Suppose -8*z = -23 - i. Suppose -p + z*m = -92, -3*p + 174 = -p - 3*m. What is the greatest common divisor of 63 and p?
21
Let c(p) = -3*p - 33. Let h be c(-5). Let m be h/(((-9)/18)/((-3)/(-12))). What is the highest common divisor of m and 5?
1
Let g = 5 - -403. Suppose 31*n + 76502 = 78083. Calculate the greatest common divisor of g and n.
51
Let g = 18641 - 18371. Calculate the highest common divisor of 1440 and g.
90
Suppose -2*o + 4 = 0, 12*o = 3*n + 14*o - 367. Suppose -2*s + n = 5*a, -5*a - 23 = 11*s - 12*s. What is the greatest common divisor of 1392 and s?
48
Let m(r) = -5*r**2 + 2*r - 2. Let l be m(-3). Let h = l - -85. Let g(w) = w**2 - 9*w + 16. Let d be g(9). Calculate the greatest common factor of d and h.
16
Let f(s) = 52*s - 3108. Let u be f(61). Calculate the greatest common factor of 5376 and u.
64
Suppose -v + 2*l + 209 = 0, -4*v + 52*l - 58*l = -738. Calculate the greatest common divisor of v and 1425.
15
Let h be (78/(-18) - -5)*(-18)/4. Let x(q) = -2*q + 18. Let g be x(h). What is the greatest common factor of g and 8?
8
Suppose 3*u - 53 = -b, 6*b + 3*u + 79 = 8*b. What is the greatest common divisor of 3916 and b?
44
Suppose -3*m - 5*b = 5 + 9, -5*m + 22 = -3*b. Suppose g + 4*q + 68 = 5*g, m*q = -3*g + 56. Calculate the greatest common divisor of g and 360.
18
Let d be (59 + -1)*32/64. Suppose -56 = -d*p + 321. Calculate the highest common factor of 169 and p.
13
Let a be (119/2)/(10 - 152/16). What is the greatest common divisor of 553 and a?
7
Suppose -1461 = q - 0*b - 4*b, 2982 = -2*q - 4*b. Let f = -1465 - q. Suppose 0*t - t = -16. Calculate the greatest common divisor of t and f.
16
Suppose -38 = -4*t + 58. Let p be (-9)/(-1) + 3948/1504 + 9/24. What is the highest common factor of t and p?
12
Let n = -10152 + 10303. Calculate the highest common divisor of n and 17063.
151
Let n(d) = -1008*d - 2298. Let l be n(-8). Calculate the greatest common divisor of l and 12.
6
Suppose -s - 486 = -3*w, 320 = -44*w + 46*w - 2*s. Let l = 29 + w. Calculate the greatest common factor of 18 and l.
6
Let b = 21947 + -21936. Calculate the highest common divisor of 32 and b.
1
Suppose 2*y + 1440 = 3*f, -5*f = -6*f + 5*y + 506. Calculate the highest common divisor of 112 and f.
28
Let p = -570 + 627. Let n be 0 + 2 + -3 + 4. Calculate the highest common divisor of p and n.
3
Let r be ((-610)/(-3))/(8/12 + -1). Let h = 896 + r. Calculate the highest common divisor of h and 22.
22
Let z be (-7 - -1)*(-2)/4. Suppose -z*b = 275 - 410. Let v be 16 + (-1)/(1/(-2)). Calculate the highest common factor of v and b.
9
Suppose -232 = -19*s - 156. Calculate the greatest common factor of 406 and s.
2
Suppose 4*b - 300 = -4*x, -5*b - 260 = -3*x - b. Suppose 4*c - 259 - 61 = 0. Suppose -4*d + 0*d + c = 0. What is the greatest common factor of x and d?
20
Suppose -175*m + 152*m = -84*m + 6039. Calculate the greatest common factor of 352 and m.
11
Let a(y) = -y**3 + 19*y**2 - 27*y + 98. Let l be a(16). What is the greatest common factor of l and 182?
14
Let n(x) = -72*x - 7. Let o(b) = -6*b**2 + 8*b**2 - b - 3*b**2 + 3. Let r be o(-3). Let k be n(r). Calculate the greatest common divisor of 19 and k.
19
Suppose 26*w + 17*w - 76368 = 0. What is the greatest common divisor of w and 32?
16
Suppose -4*w - 28 = 0, 334*t - 4*w - 553 = 329*t. What is the greatest common divisor of t and 2555?
35
Let k = -803 + 1563. Suppose k = h + 18*h. What is the greatest common divisor of h and 5?
5
Suppose -k = -2*p + 3086, 3*p + 9222 = 9*p + 3*k. What is the highest common factor of 1120 and p?
140
Let v = 3007 + -2950. What is the greatest common factor of v and 8607?
57
Let w(m) = 373*m + 22029. Let j be w(-59). Suppose 6*x + 1260 = 3*b + 3*x, 2 = -x. What is the highest common divisor of j and b?
22
Suppose 3*k - 1132 = -2*j, -j - 2*j = -4*k + 1498. Let g = k + 170. Suppose 7*d = g - 105. Calculate the highest common divisor of d and 7.
7
Suppose 2*a - 114 = 2*y + 80, 3*a = -3*y + 261. Calculate the highest common factor of 1472 and a.
92
Suppose -30*n = -27*n + 285. Let h = 129 + n. What is the greatest common factor of h and 68?
34
Suppose -4*b + 4*l + 77 = -39, 0 = -4*b - 8*l + 92. Calculate the greatest common divisor of 32049 and b.
27
Suppose -200*r = -3*y - 197*r + 441, -2*r = y - 138. What is the greatest common divisor of 3816 and y?
72
Suppose 84*t - 578 = -5*k + 88*t, 0 = -3*t - 21. Let r(b) = 2*b**2 - 2*b - 4. Let x be r(-3). Let o = -10 + x. What is the greatest common divisor of o and k?
10
Let v = 2522 + -2501. Let q = -4 + 6. Suppose -4*x + q = -k - 7, 4*k = 2*x + 6. Calculate the highest common divisor of x and v.
3
Let b be (-15 - 0)/(-6 + (-3 - -8)). Suppose 0 = b*o + 25 - 1255. What is the greatest common divisor of o and 41?
41
Let z = -632 + 610. Let h = z + 34. What is the highest common divisor of 102 and h?
6
Let f be (-8)/(-14) - (-1920)/1344. Calc